be g(w). Determine p(i).
0
Let d(y) = y + 7. Let t(v) = 96*v + 308. Let j(n) = 88*d(n) - 2*t(n). Give j(1).
-104
Let d be 2 + (-1 - 1) - -4. Suppose -8 + 24 = d*o. Let y(j) be the second derivative of j**4/12 - j**3/3 + j**2 + 2*j - 40. Determine y(o).
10
Let w be (-4 - -6)/(((-10)/28)/5). Let f be (-21)/w + 3/(-4). Let u(x) = x**3 - x**2 - x + 5. Calculate u(f).
5
Let l = 4140 - 4158. Let q(d) = d**2 + 22*d + 21. Determine q(l).
-51
Let p(c) = -5*c**2 - 5*c - 3. Let b = -37 - -43. Let z(g) = -b - 11*g**2 - 4*g - 9*g + 4*g - g. Let n(w) = -9*p(w) + 4*z(w). Give n(-6).
9
Let k(w) = w - 7. Let z = -187 + 70. Let j = -114 - z. Suppose 8 + 7 = j*q. What is k(q)?
-2
Let f(d) be the second derivative of -d**5/60 - 5*d**4/12 - 2*d**3/3 + 13*d**2 + 61*d. Let s(j) be the first derivative of f(j). Determine s(-10).
-4
Let l(j) = 5*j - 9. Let u(n) = n - 2. Let p(i) = -l(i) + 6*u(i). What is p(-15)?
-18
Let z(i) = -3*i - 1. Let b be (-2)/30 - (-3128)/1020. Give z(b).
-10
Let f(r) = -9035*r - 9040*r - 9042*r + 27111*r - 40 + r**2. Give f(-4).
0
Suppose -3*x + 153 = 24. Let l = x + -40. Let y(j) be the first derivative of -j**3/3 + 3*j**2/2 + j - 5. What is y(l)?
1
Let r(v) = -v**3 + 6*v**2 - 3*v + 9. Let z be (-15)/35 + (-2442)/(-14). Suppose -5*g = 59 - z. Let a be 120/21 - (3 + g/(-7)). Determine r(a).
-9
Let s(p) = -p**3 + 7*p**2 - 4*p + 7. Suppose 4*m = 17*m + 1547. Let w = 121 + m. Suppose w*h - 7 = -2*a - 3, 0 = -a - 2*h - 3. Determine s(a).
-21
Suppose -2*l - 5*b - 37 = 0, -13*b + 107 = -5*l - 11*b. Let f(i) = 5*i + 99. Calculate f(l).
-6
Let x(h) = -21*h - 39*h**2 - 45*h**2 - 47*h**2 + 8*h + 6 + 130*h**2. Give x(-18).
-84
Let s(j) = 9*j + 55. Suppose 0*b - 2*b = -5*b - 18. What is s(b)?
1
Let g(t) be the first derivative of 2*t**3/3 + 5*t**2/2 + 3*t - 1047. Calculate g(-4).
15
Let g(n) = 2*n + 9. Let q = 111 - 90. Let y be 8/(7/(q/6)). Suppose 0 = 4*r + y*t + 24, 0 = r - 4*r + 5*t - 18. What is g(r)?
-3
Let q(r) = r**2 + 2. Let f(d) = -d + 12 + d - d - 1. Let t be f(6). Suppose -h = -t*h. What is q(h)?
2
Let n(d) be the third derivative of -3/2*d**3 + 0 - 1/24*d**4 + 0*d - 6*d**2. Let w = 16 - 25. Determine n(w).
0
Let h(m) = 2*m + 1. Let q(k) = -4*k - 50. Let z(a) = -h(a) - q(a). What is z(-20)?
9
Let c(f) = -4*f - 65. Let g be c(-20). Let p = g + -23. Let t(m) be the second derivative of -m**5/20 - 2*m**4/3 - 4*m**2 - 2*m. What is t(p)?
-8
Suppose 0 = 3*q + q - 4*h, 0*h - 2*h = -14. Let p(a) = -a**3 + 6*a**2 + 9*a + 6. What is p(q)?
20
Suppose -196*l - 2247 = -1267. Let z(u) be the third derivative of u**4/8 - u**3/6 - u**2. Give z(l).
-16
Let t be (-12)/210 + (-3846)/70. Let c be (11/t - 3/(-15))/(-2). Let r(f) = -f**3 - f**2 + f - 23. Determine r(c).
-23
Let u(c) be the second derivative of 4 - 2/3*c**4 + c + 0*c**2 - 1/6*c**3. Calculate u(-1).
-7
Let j(o) be the second derivative of o**4/3 + 2*o**3/3 - 3*o**2/2 - 6371*o. Determine j(0).
-3
Let p(f) = f**3 + 26*f**2 + 28*f + 76. Let n = -398 - -373. Let o be p(n). Let c(h) = 0 + 0 - 3*h. Determine c(o).
-3
Let q(r) = r + 58. Suppose 44*b - 70*b + 9*b = 102. Calculate q(b).
52
Let o(x) = -x + 4 + 2 - 1. Let w(i) be the third derivative of -i**4/12 + 7*i**3/3 - 14*i**2. Let z(a) = -11*o(a) + 4*w(a). Calculate z(2).
7
Let l(v) = v**3 + 3*v**2 - 2. Let o be (-6)/(-1) - (7 - 3). Let n be (-20)/25*(-5)/o. Suppose -12 = -f - 7*t + n*t, 5*t = -3*f + 6. What is l(f)?
-2
Let d(p) = -30*p + 2. Let m(y) = -32*y + 2. Let s(a) = -3*d(a) + 2*m(a). What is s(1)?
24
Let b(k) = 2*k**2 + 19*k - 15. Let j be b(-10). Let f = -14 - j. Let x(l) = l**3 + 9*l**2 + l + 7. Determine x(f).
-2
Let t(s) = -s**3 + 8*s**2 - 14*s + 1. Suppose 249 - 261 = -4*x. Give t(x).
4
Let v(u) = -12*u + 65. Let o = -1046 + 1051. Give v(o).
5
Suppose -2*o + 5*g = 11 - 38, -4*g = 3*o - 52. Let i(l) = o*l - l - 10*l - 9*l - 6 - l**3 + 6*l**2. Determine i(5).
-1
Let o(c) = -50 + 2*c**2 - c + 15 + 0*c**3 + 17 + 13 + c**3. Give o(-2).
-3
Let n(g) = 3*g**2 + g - 1. Let l(q) = -13*q**2 - 5*q + 5. Let i(o) = -4*l(o) - 18*n(o). Let t be (-43)/(-15) + -2 - (18354/(-630) - -29). What is i(t)?
-2
Let r be -1*4*25*24/160. Let u(f) = -6*f - 93. Calculate u(r).
-3
Let y(x) = -7*x**2 - 4*x + 3. Suppose 0 = -4*q + 3*r + 75 - 92, -4*q + 2*r - 10 = 0. What is y(q)?
-8
Let m(z) be the third derivative of -z**5/60 - 13*z**4/24 + 146*z**3/3 + 30*z**2 + 14*z - 1. Calculate m(-25).
-8
Let t(m) = -22*m + 303 - 10*m - 10*m + 3*m + 81. What is t(10)?
-6
Let y(k) be the first derivative of -k**6/360 - k**5/60 + k**4/12 - 52*k**3/3 + 3*k**2/2 - 52. Let w(u) be the third derivative of y(u). Give w(-4).
-6
Let v = 116795 + -116802. Let h(i) = -4*i**2 + 20*i + 0 - i**3 - 1 - 2. Give h(v).
4
Let d(x) = -28*x - 344. Let q be 18/7*(-21 - (-343)/21). What is d(q)?
-8
Let r(h) = 9*h**2 + 2 - 2*h + 2 - 3*h**2 - 2 + 8*h**2. Calculate r(1).
14
Suppose 3*n + 6*n - 522 = 0. Let b(x) = 2*x + n - x - 48. Suppose g - 20 = -4*g, -g = 3*a + 23. Calculate b(a).
1
Let k(q) = q**2 - 10*q + 16. Suppose 4*g + 69 = 5*f, 0*f + 3*g = 4*f - 55. Calculate k(f).
55
Let z(i) = 2*i - 12. Let t(r) = 7*r - 163. Suppose 5*u - 99 = 21. Let y be t(u). Determine z(y).
-2
Let v(k) = -2*k**2 + 6*k + 5. Suppose 257*g = 313*g + 56. Calculate v(g).
-3
Let q(n) = 179*n**2 - 29*n - 51. Let u(k) = -97*k**2 + 14*k + 26. Let m(w) = 6*q(w) + 11*u(w). What is m(-1)?
7
Let i(j) = j**3 - 8*j**2 - 2. Let q(y) = y**2 + 20*y - 13. Let l be (24/(-20))/((-8)/(-140)). Let t be q(l). What is i(t)?
-2
Let o = 1014 - 1011. Let q(k) = k + 9. Let i be q(-7). Let f(l) = 0 + 0 + 2*l + i + 2. Calculate f(o).
10
Let g = 4009 - 4012. Let h(q) = -q**3 - q**2 + 2*q + 7. What is h(g)?
19
Let b(c) be the first derivative of 82 - 1/4*c**4 + c**3 + 5/2*c**2 - 7*c. Calculate b(4).
-3
Let h(p) be the first derivative of -p**3/3 + p**2/2 + 2*p - 75. Suppose -l + 3*i - 46 = 4*i, 3*l + 5*i = -142. Let y = -39 - l. Calculate h(y).
-18
Let g(t) be the second derivative of -5*t**3/6 - 23*t**2/2 - 188*t. What is g(-3)?
-8
Suppose -23*k - 40 = -2*t - 28*k, 3*k + 54 = 4*t. Let x(w) = 0*w - w - 11 - 8 - t + 29. Calculate x(0).
-5
Let p(n) = -n**3 - 7*n**2 + 8*n + 9. Let h be p(-8). Let b(a) = -9*a + 15. Let j(y) = -49*y + 76. Let f(z) = -11*b(z) + 2*j(z). What is f(h)?
-4
Let d(m) = -m**2 - 8*m - 4. Suppose 0 = -3*j - 15, -2*j + 4070 = 5*i - 0*j. Let w be i/(-27) + -2 - (-10)/45. Let p be (40/w)/(1/4). Calculate d(p).
11
Let d(j) = 2*j**2 - 23*j - 32. Let k(i) be the first derivative of -i**3/3 + 11*i**2/2 + 15*i - 23. Let x(p) = -3*d(p) - 7*k(p). Determine x(8).
-9
Suppose 41*q = -64*q + 59*q - 1012. Let u(y) = 2*y + 25. Calculate u(q).
-19
Let p(r) = r**2 + 7*r - 2. Let g be (2002/231)/(2/(-3)). Determine p(g).
76
Let g(w) = 5 + 2*w**2 - 4 - 9*w**3 - w**2 + 2*w. Let t(b) = b**3 + 23*b**2 - 183*b - 3326. Let p be t(-25). Calculate g(p).
9
Let o(q) = q - 28. Let p = 26929 + -26924. Give o(p).
-23
Let s = -78721 + 78728. Suppose 2*a + 2*a - 20 = 0. Let m(b) = 2*b - a + 5*b**2 - 5*b**2 - b**3 + 7*b**2. What is m(s)?
9
Let a(h) be the third derivative of 7*h**2 + 0*h - 1/30*h**5 + 0 - 2*h**3 + 1/24*h**4 + 1/360*h**6. Let r(o) be the first derivative of a(o). Calculate r(3).
-2
Let f(l) = l**3 + 3*l**2 - l + 1. Let c = -192 - -94. Let s be 1/(3/(-2))*7497/c. Let n = -53 + s. Calculate f(n).
7
Suppose -2*c = -6*c + 16. Suppose c*d + 9*d + 13 = 0. Let g(t) = -8*t + 1. Calculate g(d).
9
Let v(f) = 2 - 452*f**3 - f - 5 + 1 - 2 + 451*f**3 - 3*f**2. Let g be -6*(2 + 10/(-4)). Let n = 0 - g. Calculate v(n).
-1
Let u(c) = 2*c + 13. Let x = 374 - 382. Let t be u(x). Let k(m) = m**3 + 2*m**2 + 4*m + 2. What is k(t)?
-19
Suppose 0 = -9*v + 194 - 32. Let i(t) = -25 + t**2 - 25 - v*t - 19 + 54. Calculate i(19).
4
Let n(o) be the second derivative of -o**6/360 - 3*o**5/40 - 5*o**4/12 + 85*o**3/6 + 112*o. Let a(i) be the second derivative of n(i). Calculate a(-7).
4
Let r(k) = 5*k - 4. Suppose -20 = -y - 23. Let p(b) = -4*b + 4. Let l(f) = y*r(f) - 4*p(f). Calculate l(-4).
-8
Let f(x) = 32*x**3 - 4*x**2 + 5*x - 1. Let u(d) = -7*d**3 + d**2 - d. Let s(b) = f(b) + 4*u(b). Suppose 4*l - 3 - 1 = 0. Calculate s(l).
4
Let l(r) be the first derivative of -4*r + 1 - 1/4*r**4 + 4/3*r**3 + 0*r**2. Let f(j) = -j**3 - 7*j**2 + 5*j + 69. Let v be f(-6). What is l(v)?
5
Let c(p)